 - j - 17. Let a(p) = 106*p - 2232. Let x be a(21). Determine q(x).
-11
Let y be (16/24)/(-3 + (-248)/(-84)). Let b(f) = -f**2 - 14*f + 6. Determine b(y).
6
Let j(p) = -2*p - 3*p**2 - 3 + p**3 - 2*p**2 + 4. Let n(r) = 12*r**2 + 49 + 46 - r**3 - 19*r - 100. Let u be n(10). Calculate j(u).
-9
Let a(s) = 5*s - 14. Let o(j) = j - 3. Let q(g) = 6*a(g) - 22*o(g). Give q(5).
22
Let i(d) be the first derivative of -d**4/4 + 7*d**3/3 + d**2/2 - 20*d + 2838. Calculate i(8).
-76
Let m = -21322 - -21353. Let r(f) = f**2 - 34*f + 90. Determine r(m).
-3
Suppose 121*k = 118*k. Suppose k*m + 4*m = 28. Let y(q) = q - 5. Determine y(m).
2
Let u(q) = 2*q**2 + q - 2. Let z(l) = -5*l + 240. Let r be z(47). Suppose -9 = -2*w - 5*o, -r*w - 2 = -4*w - 4*o. Determine u(w).
8
Let d be (1 + -1 - (-4 - 0))*1. Suppose -360 = 5*b + d*b. Let i = b + 44. Let v(a) = a**2 - a - 1. Calculate v(i).
11
Let f = -7687 + 7679. Let b(w) = -w**3 - 10*w**2 - 10*w + 17. Determine b(f).
-31
Let j be (-1)/3*3*-1. Let w(l) be the third derivative of -3*l**4/4 - l**2 - 2426. Give w(j).
-18
Let c(m) = 647*m + 6 + 637*m + 649*m - 1897*m. What is c(-1)?
-30
Let s = -556 - -551. Let q(b) = 6*b + 23 - 92 + 36 + 26 + 23. What is q(s)?
-14
Let o(w) = -4*w**2 - w + 7. Let l(r) = 15 - 3*r - 4*r + 12*r - 9*r**2 - 7*r. Let y(a) = -3*l(a) + 7*o(a). Give y(0).
4
Let b(v) = -v**2 + 2*v + 20. Suppose 335*k + 22 = 4*l + 337*k, -5*l - 2*k = -30. Determine b(l).
-28
Let m(s) be the third derivative of -s**6/40 - 17*s**5/60 + s**4/3 + s**3/6 - 5497*s**2. What is m(-6)?
-11
Let g(r) = 53*r - 317. Let w be ((-41)/(-82))/(22/(-24) - -1). Give g(w).
1
Suppose -6*h + 5546 = 56. Suppose h = 5*l + 270. Let n be 1/6 + (l/(-18) - -4). Let b(q) = 2*q + 2. Calculate b(n).
-4
Let d(g) be the first derivative of -9/2*g**2 - 3*g - 1 - 1/3*g**3. Let j be (-18)/(-150) - 10962/1350. Determine d(j).
5
Suppose -11 = -2*h + 7. Let u(q) = -q + 4. Let c(p) = -p + 5. Let b(n) = -2*c(n) + 3*u(n). Let t be b(h). Let j(o) = o**3 + 6*o**2 - 8*o - 3. Calculate j(t).
4
Suppose -440*a = -447*a + 133. Let x(f) = -10 + 4 - 4 + a - 4*f. Give x(5).
-11
Let a(p) = p**3 - 4*p**2 + 5. Let x(b) = -5*b - 4*b**3 - b + b - 1 + 4*b. Let d be x(-1). Calculate a(d).
5
Let y(j) = 17 + 117*j - 22 + 15 - 98*j. Determine y(-3).
-47
Let j(u) = 14*u**2 + 3*u - 24. Let g(h) = 13*h**2 + 3*h - 19. Let w(a) = -6*g(a) + 5*j(a). Determine w(-2).
-32
Let z(g) = g**3 - 4*g**2 - 3*g - 1. Let i(t) = 930*t**2 - 7*t - 931*t**2 + 2 + 10. Let l = 84 - 92. Let c be i(l). What is z(c)?
-13
Let l be 63/24 + 24/64. Let n(t) be the second derivative of -t**5/20 + t**4/6 - t**3/6 + 922*t. Determine n(l).
-12
Let k(y) = 2*y + 41. Let u be ((-10)/(-10))/((-11)/198). Give k(u).
5
Let v(q) be the first derivative of q**3/3 + 3*q**2 - 2*q + 638. Let f = -3 - 3. What is v(f)?
-2
Let n = -4 + 11. Suppose -7*u + 6*u = -8. Let t(j) = -n - u*j - j**2 - 9 + 0 + 9. What is t(-5)?
8
Suppose -4*d = -3*g + 5*g - 4, 5*g - 10 = 0. Let t(m) = -3*m - 3*m**2 - 1 + d*m - 2 + 1. Suppose 5*j = 3*q - 4, -1 = -4*q - 9. What is t(j)?
-8
Let h(d) = -d**3 - 18*d**2 + 14*d - 72. Let k be h(-19). Suppose k*o - 9 = -32. Let p(i) = -26*i**3 - i - 1. Give p(o).
26
Let n be -1*(-11 + (-3 - 0) + 4). Let y(v) = v**2 - 8*v - 29. What is y(n)?
-9
Let y(r) = 650*r**3 - 649*r**3 - 9*r**2 - 17 + 8*r**2 + 22 + r. Calculate y(-3).
-34
Let q be (27/2)/(369/(-120) + 3). Let f be (q/(-100))/(6/(-20)). Let k(b) = -b**2 - 3*b + 7. Calculate k(f).
-11
Let t(h) be the first derivative of -8*h**3/3 + 5*h**2/2 - 9*h + 3554. Give t(3).
-66
Let l(y) = y**3 + 7*y**2 - 6*y + 2. Let x(p) = -p**3 + 2*p**2 + 12*p + 19. Let f be x(5). Suppose f*t = -4*q - 38 - 10, 0 = t + 2*q + 16. What is l(t)?
-14
Let u(o) be the first derivative of -o**4/4 - 5*o**3/3 - o**2 - 5*o - 39. Suppose n + 7 = 11. Suppose 2*i + n*c = -26, 2*c - 3 = -11. Determine u(i).
5
Let w(o) = -o**2 - 26*o - 133. Suppose -16*z + 262 = 566. Give w(z).
0
Let c(z) = -z - 224. Let a(v) = v + 415. Let f(d) = 5*a(d) + 9*c(d). Determine f(15).
-1
Let q(c) = -5*c - 2. Let g(w) = -5*w - 3. Let l(d) = -6*g(d) + 7*q(d). Let t be l(2). Let r(o) = -o**2 - 6*o - 8. Give r(t).
-8
Let q = 11836 - 11822. Let s(l) = -l**2 + 15*l + 19. Give s(q).
33
Let d(q) = 0 - 1 + 1 + 5*q. Let i = 12367 + -12366. Calculate d(i).
5
Let q(d) be the third derivative of 4*d**6/15 + d**4/8 + d**3/3 + 12147*d**2. Calculate q(-1).
-33
Let k be (-10)/(-4)*-20*(-2)/4. Suppose -u - 2*j = 8, 2*j = -5*u + 5*j + k. Let b(w) be the first derivative of w**2/2 - w + 1. Give b(u).
1
Let v(h) = h - 17*h - 5*h**3 - 9*h**2 + 6*h**3 + 3975 - 3922. Calculate v(10).
-7
Let i(d) = 35*d + 8. Let w(y) = 27*y + 8. Let f(s) = -4*i(s) + 5*w(s). Give f(2).
-2
Let l(m) = 63*m**2 - 10*m - 129*m**2 + 67*m**2. Let z be l(10). Let o(a) = -9*a**3 - a**2 + z + 2 + 6*a**3 + 4*a**2 - a. Give o(2).
-12
Let y(c) be the third derivative of c**6/120 + 29*c**5/60 - 31*c**4/24 + 10*c**3/3 - 943*c**2 - 1. Calculate y(-30).
50
Let r(v) be the first derivative of -v**4/2 + 3*v**3 - 3*v**2 - 3*v - 6475. What is r(3)?
6
Let s(q) be the third derivative of -q**5/15 - q**4/4 + 25*q**3/6 + 7636*q**2. Determine s(-5).
-45
Let w(z) = -z**2 + 5*z + 2. Suppose -15 = -h - 4*g, 7*h - 3*g + 20 = 6*h. Let l be (h - -3)*12/(0 + -4). Determine w(l).
-4
Let y(u) = -13*u - 27. Let h be y(4). Let b = h - -79. Let m(r) be the second derivative of -r**4/12 + r**3/6 - 13*r**2/2 + 4*r. Calculate m(b).
-13
Let k(p) = -2*p - 19. Let s be 537 + (-3)/9*6/1. Suppose 8*x + s - 471 = 0. Determine k(x).
-3
Let n be 2992/(-99) + 6/27 - -2. Let m(g) = -g**2 - 30*g - 66. Let s be m(n). Let w(j) = -j**2 - 13*j - 3. Determine w(s).
27
Let d(x) be the third derivative of -x**4/6 - 29*x**3/6 + 34*x**2 + 3*x. Determine d(-4).
-13
Let c(v) = -v**2 + v. Suppose 23 = 6*y - 43. Suppose 0 = y*l - 16*l. What is c(l)?
0
Let r(c) be the third derivative of -c**5/20 + c**4/24 - c**3/6 + c**2. Let n = 624189 + -624188. Determine r(n).
-3
Let k = 441 + -438. Let r(x) = -6*x**2 + 0 + 0*x - 214*x**3 - 5 + 7*x + 213*x**k. Calculate r(-7).
-5
Suppose 5*i + 195 = 4*b + 1689, 0 = 5*b - 4*i + 1863. Let f = 377 + b. Let r(x) = -6*x + 4 + 2 + 1 + x**2. Determine r(f).
7
Let v(k) be the first derivative of -25*k**2/2 + 42*k + 3632. Calculate v(2).
-8
Let p(a) = -a**2 + a + 10. Let i(t) = -t**2 + t + 11. Let m(y) = 3*i(y) - 2*p(y). Suppose -7*n + 8*n = 4*n. What is m(n)?
13
Let w(h) be the second derivative of 1/2*h**4 + 0 - h**2 - 1/20*h**5 + 26*h - 1/3*h**3. Determine w(2).
10
Let d(g) be the second derivative of -15*g**3/2 + 47*g**2 + 11*g + 415. Determine d(2).
4
Let s(z) = -3*z**3 - z**2 - z + 1. Let q(p) = -p**3 + 3*p**2 + 6*p - 7. Suppose 4*b = y + 21, 0 = -b + 2*y - y + 3. Let u = b + -2. Let a be q(u). Give s(a).
-4
Let a(r) = -r**3 - 6*r**2 + 7*r. Suppose 3*h - 134 = -4*v, -v + 50 = 2*h - 36. Suppose 8*i - 2*i + h = 0. Determine a(i).
0
Suppose 23*y + 28 = 37*y. Suppose 5*n - 14 = -3*o, 5*o + 0*o = -y*n - 2. Let p(b) = -b**3. What is p(o)?
8
Let r(i) = -2*i**3 - 39*i**2 - 19*i + 9. Let k(m) = m**3 - 18*m**2 + 35*m - 67. Let y be k(16). Calculate r(y).
9
Let y(c) = c**2 - c + 83. Let j(r) = -3*r**2 - 18*r - 268. Let f(q) = -j(q) - 2*y(q). Give f(-8).
6
Let t(j) = -j**2 - 6*j + 2. Let p be t(-5). Let d(m) = m**3 - 7*m**2 + 3*m - 15. Let w be d(p). Let r(u) = w*u + 3*u - 3*u + 2 - u**2. Calculate r(7).
-5
Let g(a) be the first derivative of 2*a**3 + 11*a**2 - 11*a - 4293. What is g(-5)?
29
Let w(k) = -k**3 - 9*k**2 - k - 8. Let a = -82 + 87. Let p(j) = -j + 1. Let t(r) = -10*r + 29. Let x(v) = -3*p(v) + t(v). Let q be x(a). What is w(q)?
1
Suppose -12*l = 29 - 65. Suppose -19*n = -18*n + l. Let s(k) = k**3 + 3*k**2 - 2*k + 4. What is s(n)?
10
Let h = -71 + 48. Let t(f) = f**3 + 22*f**2 - 24*f - 17. Let z be t(h). Let l(u) = -5 + 25*u - 32*u + z*u. Calculate l(-4).
-1
Suppose i + 8 - 23 = -r, -20 = -5*i. Let g be 12/(-66) + (101/r - 0). Let s(k) = 26 - 6 - 14 - 4 + g*k. What is s(-3)?
-25
Let x = 1702 - 878. Let v(j) = 2 - 1650*j + x*j + 819*j. What is v(-1)?
9
Suppose -4*z + 26 = -5*v, -5*z + z + 4*v = -28. Let s(f) = 2 - f**2 - z + 2*f + 3 + 4*f**2 + 3. Determine s(1).
4
Let o(n) be the third derivative of 19*n**4/24 - 97*n**3/6 + 5573*n**2. What is o(5)?
-2
Let k(j) = -14*j**3 - 12*j**2 - 25*j 